c) = -c**2 + 5*c + 4. Let g be (-4)/26 + 1440/234. What is t(g)?
-2
Let h be (-5)/(4 - 186/46). Suppose 4*j + 4*r = 220, -2*j + 3*r = 4*r - h. Let z(w) = -3*w - j + 4*w + 51. What is z(0)?
-9
Let x = 5 + -4. Suppose 2*z = -y - 3*z, 5*y - 4*z - 29 = 0. Let g(q) = y*q - 9*q + 7*q. Give g(x).
3
Let c = 7 - 11. Let q(d) = -2*d**3 - 3*d - 5. Let o(j) = 3*j**3 - j**2 + 6*j + 8. Let i(z) = 3*o(z) + 5*q(z). What is i(c)?
3
Let b(c) = -c - 12. Suppose -3*d + 7*d = 0. Let u be d*3/(-6) + -7. Give b(u).
-5
Let l(q) = 5*q**2 + 17*q + 26. Let m(g) = 6*g**2 + 18*g + 27. Let k(c) = 7*l(c) - 6*m(c). Determine k(13).
-6
Let x(v) = v**3 - 5*v**2 - 5*v - 1. Let o(j) = 5*j + 1. Let r be (-8)/(-32) + 7/4. Suppose h - r*b = 3*b + 21, 4*b = -4*h - 12. Let p be o(h). What is x(p)?
5
Let g be ((-6)/10)/(12/(-60)). Let z(o) = -o**2 + 4. Determine z(g).
-5
Let w(r) be the third derivative of 0*r - 1/60*r**5 - 31*r**2 + 1/6*r**3 + 1/3*r**4 + 0. Calculate w(6).
13
Suppose -z - 5*h + 18 = -2*z, 4*z = -4*h + 24. Let k(y) = 8*y**z + 4*y**3 - 3*y + 2*y - 5*y**3 - 4*y - 1. Determine k(7).
13
Let x be ((-3)/(-4) - 4)/(2/(-8)). Let p(t) = -13 - t**3 - x + 27 - 6*t + 7*t**2. Give p(4).
25
Suppose 655*q - 661*q + 30 = 0. Let f(r) = -6*r**3 - r**2 + 5*r + 3. Let z(v) = 5*v**3 - 5*v - 2. Let h(y) = -4*f(y) - 5*z(y). Determine h(q).
-2
Let o = 139 + -136. Let z(t) = -4*t + 2 + 4 + 2*t**2 + 1 - o*t**2. Calculate z(-6).
-5
Suppose -2*t - 5 + 13 = 0. Suppose -2*k = -0 - t. Let l(m) = 0*m**3 + 0*m - 2*m**2 + 9*m**k + 8 + 8*m + m**3. Determine l(-6).
-4
Let a(q) be the third derivative of -q**6/120 + q**5/12 + q**4/12 - 2*q**3/3 - 99*q**2. Calculate a(5).
6
Let s(x) = x**3 + 9*x**2 + 16*x + 23. Let a(l) = l**3 + 9*l**2 + 16*l + 28. Let j(k) = 3*a(k) - 4*s(k). What is j(-7)?
6
Let k(d) = -d**3 - 17*d**2 - 17*d - 18. Let r be k(-16). Let c(y) be the second derivative of -y**3/2 + 5*y. What is c(r)?
6
Let f be (4/12)/((-2)/(-12)). Let j(v) = -2*v + v**3 - 4*v**2 + 3*v**f - 5 + 1. Give j(3).
8
Let a(f) = 321 - 164 - 161 + f. Let j = -4 + 4. Calculate a(j).
-4
Let t = -359 + 353. Let b(k) = 2*k**2 + 4*k**2 - 2*k - k - 9 + k**3. Calculate b(t).
9
Suppose -5*n - 30 = -2*v, 0 = -2*v + 4*v + 3*n + 2. Let j(p) = -13. Let i(k) = k - 15. Let f(d) = v*i(d) - 6*j(d). Give f(4).
23
Let j(c) = c - 8. Suppose -2*m - 4*p = m - 59, -5*m - 4*p = -109. Let d = m - 18. Calculate j(d).
-1
Let o(n) = -2 + n**3 - 17*n - n**3 - 20*n**2 - 7 + 2*n**3 + 19*n. What is o(10)?
11
Let d(f) = -f**3 - 14*f**2 + 16*f + 19. Suppose -3*k = 5*q + k + 63, -2*q - 36 = -2*k. What is d(q)?
4
Let w(u) = -11*u + 86. Let t be w(8). Let l(n) be the second derivative of n**5/20 + n**2 - 9*n. Determine l(t).
-6
Suppose -1 = q + 7. Let h(n) = 11*n**3 + 19*n**2 + 18*n - 10. Let u(z) = 13*z**3 + 21*z**2 + 20*z - 10. Let t(f) = -6*h(f) + 5*u(f). What is t(q)?
10
Suppose 4*p - 8*p = -4, -4*a + 7 = -p. Let c(b) = b**2 - b - 1. What is c(a)?
1
Suppose -s + 5*s = 16. Let n(w) = 5*w**3 + 2*w**2 + 4*w + 1. Let l(i) = -4*i**3 - 3*i**2 - 4*i. Let u(h) = s*l(h) + 3*n(h). Calculate u(-5).
-2
Suppose k = -3*n - 12, 0 = -k - 5*n - 12 - 6. Let l(m) = 5*m + 2. Determine l(k).
-13
Let a(t) = t**3 - 4*t**2 + 4. Suppose 7*x - 4*x = -q + 37, -q + 1 = 0. Suppose 2*y + 0*y + 4 = s, 3*s + 3*y - x = 0. Let m be (s - 1)/(2/2). What is a(m)?
-5
Let m(j) = 5*j - 40. Let k(v) = 2*v - 7. Let w(h) = -3*k(h) + m(h). Calculate w(8).
-27
Suppose 0*y + 6 = 3*y. Let h(j) = 4*j**2 - 7*j - 5. Let d(l) = 5*l**2 - 8*l - 6. Suppose 4*x + 38 = 14. Let q(i) = x*h(i) + 5*d(i). What is q(y)?
8
Suppose -g - 5*l + 17 = -5*g, -2*l = 4*g - 18. Suppose g*h = -v - 10, -3*h + 4 - 12 = -2*v. Let o(p) = p**3 - p**2 - p. Give o(v).
-10
Let l(t) = -8*t**2 + 26*t + 18. Let u(k) = 3*k**2 - 13*k - 10. Let r(w) = -2*l(w) - 5*u(w). Give r(-12).
2
Let l = 1520 + -1508. Let b(j) = j**2 - 13*j - 15. Calculate b(l).
-27
Let h(p) = -4*p - 21. Let w(d) = -d**3 - 6*d**2 - 9*d - 29. Let u be w(-5). Give h(u).
15
Let n(f) be the first derivative of -17*f**2/2 + 3*f + 76. What is n(2)?
-31
Suppose -37*z + 22 = -48*z. Let b(t) = -t**3 - 4*t**2 - 3*t - 1. What is b(z)?
-3
Let u(a) = -14*a + 119 - 126 + 12*a. What is u(-9)?
11
Let g(t) = t**2 + 5*t + 1. Suppose -4*a + 14 = 2*h - 10, 19 = -3*h + 5*a. Let u = -4 + h. Calculate g(u).
-5
Let a be (-715)/25 - 4/10. Let l = 28 + a. Let p(g) = -6 + g**2 + 6. What is p(l)?
1
Let z(o) = 2 - 3 - o + 3*o - 3*o**2. Let g = 230 + -102. Let s = -127 + g. Give z(s).
-2
Let d(z) = -z**2 - 5*z - 4. Let f be d(-3). Let x be (8 - (-2 + 4))/f. Let l(w) be the first derivative of -w**4/4 + 2*w**3/3 + w**2 + 6. Determine l(x).
-3
Suppose -75 = 2*l - 4*l - 5*o, l - o - 27 = 0. Suppose -2*p - p + 4*d = -35, l = 5*p - d. Let k(u) = u**3 - 5*u**2 + 2. Calculate k(p).
2
Let f(p) = 2 - p**3 - 3*p**2 - 2*p**3 + 0*p**2. Suppose 0 = -5*r - 3 - 14 + 7. Determine f(r).
14
Let c(j) be the third derivative of j**5/60 + j**4/12 - 5*j**3/6 - 21*j**2. Let z be c(0). Let x(r) = r. Determine x(z).
-5
Let j(l) = l**2 - 3*l + 1. Let t be (84/(-18) + 5)*15. Calculate j(t).
11
Let y(i) be the third derivative of -i**6/360 + i**5/120 - 5*i**4/8 + 35*i**3/6 - 28*i**2. Let d(x) be the first derivative of y(x). Calculate d(0).
-15
Let w(k) = k - 4. Let j be ((-70)/15)/((-2)/3). Calculate w(j).
3
Let k(g) = g + 3. Suppose 0 = 2*u + 2, 4*i - 84 = -3*u - u. Let p = -22 + i. Calculate k(p).
3
Let l(r) = 23*r + 3. Let u(p) = 6*p + 1. Let v(q) = l(q) - 4*u(q). Determine v(-6).
5
Let v be (-5)/(40/16)*-1. Let u(w) = -w**3 + 4*w**2 - 2*w + 3. Give u(v).
7
Let r(h) be the second derivative of 4*h + 2*h**2 - h**3 - h**2 - 2*h + 2*h**3. Let d(s) = -2*s - 36. Let n be d(-19). Determine r(n).
14
Suppose 2*q - 5*a = -4, 4*a - 3*a = 5*q + 10. Let d(h) = 1. Suppose 0 = 2*k + 5 - 1. Let w(s) = 5*s - 2. Let z(m) = k*d(m) - w(m). Calculate z(q).
10
Suppose 3*u - 71 = 2*u. Let y(t) = 3*t + 71 - u. Give y(-1).
-3
Let b be (-6)/(-9) + 11/(99/(-204)). Let f(p) = p**3 + 23*p**2 + 22*p - 3. Give f(b).
-3
Let j(l) be the third derivative of -l**5/60 - l**4/24 + l**3/6 - 356*l**2 + 2. Calculate j(-3).
-5
Let v be 11/6 + (-16)/(-96). Let x(h) = h + 1. Give x(v).
3
Let x(p) be the third derivative of 0*p - 4/3*p**3 + 1/12*p**4 + 0 - 25*p**2. Calculate x(6).
4
Let j(v) = v. Suppose 18*p = 22*p - 8. Suppose -5*n = 4*q - 32, p*n + 0*n + 4 = 4*q. What is j(n)?
4
Let m(z) be the third derivative of z**8/20160 + z**7/1260 - z**6/240 + z**5/12 + 6*z**2. Let c(x) be the third derivative of m(x). Calculate c(3).
18
Let i(p) = 106*p - 108*p + 9*p**2 - 7*p**2. Give i(-2).
12
Let v(c) be the first derivative of -1/2*c**2 - 2 + 7*c. Give v(5).
2
Let m(z) be the first derivative of 7*z + 1/4*z**4 - 3*z**2 + 42 - 2*z**3. Give m(7).
14
Suppose 4*s = 20, 4*p - 11 = 2*p - s. Let r(a) = -23*a. What is r(p)?
-69
Let j = 79 + -71. Let n(w) = -j + 0*w**2 + w**2 + 17*w - 10*w. Let d(x) = -x**2 - 4*x + 4. Let f be d(-6). Determine n(f).
0
Let s(u) = 3*u**2 + u + 5. Suppose 0 = 4*d + d - 20. Let p(w) = -w**2 - w. Let c(f) = d*p(f) + s(f). Give c(-4).
1
Let i(v) = 1 - 21*v**2 + 3*v - 24*v**2 + 44*v**2 + 5. Calculate i(6).
-12
Let b(s) = s - 5. Suppose -49 = -3*t - 4*t. Suppose -t*y + y = -24. Determine b(y).
-1
Let o(n) = 5*n**2 + 5*n + 1. Let m(i) = 29*i**2 + 24*i + 4. Let v(b) = m(b) - 6*o(b). Suppose 0 = 4*l - 5*z + 17 + 22, z = 5*l + 33. What is v(l)?
-2
Let z = -39 + 57. Let h(x) = -x**2 - z*x + 3*x + 7*x + 10. Determine h(-9).
1
Let c(a) be the second derivative of 4*a**4/3 - a**3/6 + a**2/2 - 19*a. Let v = -129 + 130. Calculate c(v).
16
Let l(n) = n**3 - 5*n**2 + 6*n - 15. Let d be l(5). Let x(p) = -p**2 + 15*p + 9. Give x(d).
9
Let k(i) = 3. Let h(y) = y + 7. Let x(v) = 4*v + 28. Suppose -a = -0*a - 9. Let p(r) = a*h(r) - 2*x(r). Let b(j) = -5*k(j) + 2*p(j). What is b(1)?
1
Let p = 15 - 15. Let u be 1 + (1 - p) + -2. Let k(q) = -q - 3*q + 0*q + 3*q + 2. Calculate k(u).
2
Let r(k) = -2*k + 6. Let d(c) = -c - 8. Let u be d(-10). Suppose 3*z - 10 = 8*z. Let w be 3/3 - (z - u). What is r(w)?
-4
Let t(i) = -30*i - 20. Let h(v) = 13*v + 10. Let x(z) = 7*h(z) + 3*t(z). Give x(-11).
-1
Let c(l) = 4*l - 4. Let n = -2 - -4. Let x(a) = n*a**2 + 3 + a**3 + a + 10*a - 12*a. Let s be x(-3). Calculate c(s).
-16
Let x(o) be the first derivative of o**4/4 - 4*o**3/